{"id":670,"date":"2019-03-27T10:44:59","date_gmt":"2019-03-27T09:44:59","guid":{"rendered":"http:\/\/www.mafact.com\/?page_id=670"},"modified":"2022-07-06T16:07:56","modified_gmt":"2022-07-06T14:07:56","slug":"winbooks-module-supp","status":"publish","type":"page","link":"https:\/\/www.mafact.com\/index.php\/winbooks-module-supp\/","title":{"rendered":"Winbooks Module supp"},"content":{"rendered":"\t\t<div data-elementor-type=\"wp-post\" data-elementor-id=\"670\" class=\"elementor elementor-670\">\n\t\t\t\t\t\t<section class=\"elementor-section elementor-top-section elementor-element elementor-element-d50ec02 elementor-section-boxed elementor-section-height-default elementor-section-height-default\" data-id=\"d50ec02\" data-element_type=\"section\">\n\t\t\t\t\t\t<div class=\"elementor-container elementor-column-gap-default\">\n\t\t\t\t\t<div class=\"elementor-column elementor-col-100 elementor-top-column elementor-element elementor-element-3c14246\" data-id=\"3c14246\" data-element_type=\"column\">\n\t\t\t<div class=\"elementor-widget-wrap elementor-element-populated\">\n\t\t\t\t\t\t<div class=\"elementor-element elementor-element-aa13ae8 elementor-widget elementor-widget-heading\" data-id=\"aa13ae8\" data-element_type=\"widget\" data-widget_type=\"heading.default\">\n\t\t\t\t<div class=\"elementor-widget-container\">\n\t\t\t<h2 class=\"elementor-heading-title elementor-size-default\">Modules suppl\u00e9mentaires<\/h2>\t\t<\/div>\n\t\t\t\t<\/div>\n\t\t\t\t<div class=\"elementor-element elementor-element-df9b6a0 elementor-align-left elementor-widget__width-initial elementor-absolute elementor-widget elementor-widget-button\" data-id=\"df9b6a0\" data-element_type=\"widget\" data-settings=\"{&quot;_position&quot;:&quot;absolute&quot;}\" data-widget_type=\"button.default\">\n\t\t\t\t<div class=\"elementor-widget-container\">\n\t\t\t\t\t\t\t<div class=\"elementor-button-wrapper\">\n\t\t\t\t\t<a class=\"elementor-button elementor-button-link elementor-size-sm\" href=\"http:\/\/www.mafact.com\/index.php\/winbooks-classic\/\">\n\t\t\t\t\t\t<span class=\"elementor-button-content-wrapper\">\n\t\t\t\t\t\t<span class=\"elementor-button-icon\">\n\t\t\t\t<svg aria-hidden=\"true\" class=\"e-font-icon-svg e-fas-arrow-circle-left\" viewBox=\"0 0 512 512\" xmlns=\"http:\/\/www.w3.org\/2000\/svg\"><path d=\"M256 504C119 504 8 393 8 256S119 8 256 8s248 111 248 248-111 248-248 248zm28.9-143.6L209.4 288H392c13.3 0 24-10.7 24-24v-16c0-13.3-10.7-24-24-24H209.4l75.5-72.4c9.7-9.3 9.9-24.8.4-34.3l-11-10.9c-9.4-9.4-24.6-9.4-33.9 0L107.7 239c-9.4 9.4-9.4 24.6 0 33.9l132.7 132.7c9.4 9.4 24.6 9.4 33.9 0l11-10.9c9.5-9.5 9.3-25-.4-34.3z\"><\/path><\/svg>\t\t\t<\/span>\n\t\t\t\t\t\t\t\t\t<span class=\"elementor-button-text\">Retour Winbooks classic<\/span>\n\t\t\t\t\t<\/span>\n\t\t\t\t\t<\/a>\n\t\t\t\t<\/div>\n\t\t\t\t\t\t<\/div>\n\t\t\t\t<\/div>\n\t\t\t\t\t<\/div>\n\t\t<\/div>\n\t\t\t\t\t<\/div>\n\t\t<\/section>\n\t\t\t\t<section class=\"elementor-section elementor-top-section elementor-element elementor-element-879199e elementor-section-boxed elementor-section-height-default elementor-section-height-default\" data-id=\"879199e\" data-element_type=\"section\">\n\t\t\t\t\t\t<div class=\"elementor-container elementor-column-gap-default\">\n\t\t\t\t\t<div class=\"elementor-column elementor-col-33 elementor-top-column elementor-element elementor-element-fa54adf\" data-id=\"fa54adf\" data-element_type=\"column\">\n\t\t\t<div class=\"elementor-widget-wrap elementor-element-populated\">\n\t\t\t\t\t\t<div class=\"elementor-element elementor-element-030672c elementor-invisible elementor-widget elementor-widget-text-editor\" data-id=\"030672c\" data-element_type=\"widget\" data-settings=\"{&quot;_animation&quot;:&quot;slideInLeft&quot;}\" data-widget_type=\"text-editor.default\">\n\t\t\t\t<div class=\"elementor-widget-container\">\n\t\t\t\t\t\t\t<h2><strong>Business<\/strong><\/h2><h6>Analytique light (1 plan analytique et 1 quantit\u00e9 au maximum)<br \/>Comptabilit\u00e9 forfaitaire<br \/>Facturation<br \/>Office API light (Liaison vers Excel)<br \/>Lien avec programmes externes<br \/>R\u00e9cup\u00e9ration de vos anciens fichiers comptables (Nous consulter s.v.p.)<br \/>Virements SEPA<br \/>Dictionnaires d&rsquo;\u00e9critures (inclus dans la Comptabilit\u00e9 g\u00e9n\u00e9rale des \u00e9ditions Enterprise et Fiduciaire)<\/h6>\t\t\t\t\t\t<\/div>\n\t\t\t\t<\/div>\n\t\t\t\t\t<\/div>\n\t\t<\/div>\n\t\t\t\t<div class=\"elementor-column elementor-col-33 elementor-top-column elementor-element elementor-element-964f418\" data-id=\"964f418\" data-element_type=\"column\">\n\t\t\t<div class=\"elementor-widget-wrap elementor-element-populated\">\n\t\t\t\t\t\t<div class=\"elementor-element elementor-element-f64204e elementor-invisible elementor-widget elementor-widget-text-editor\" data-id=\"f64204e\" data-element_type=\"widget\" data-settings=\"{&quot;_animation&quot;:&quot;slideInUp&quot;}\" data-widget_type=\"text-editor.default\">\n\t\t\t\t<div class=\"elementor-widget-container\">\n\t\t\t\t\t\t\t<h2><strong>Enterprise<\/strong><\/h2><h6>Analytique full (jusqu&rsquo;\u00e0 9 plans analytiques)<br \/>Comptabilit\u00e9 forfaitaire<br \/>Facturation<br \/>Office API full (Int\u00e9gration avec Excel)<br \/>Lien avec programmes externes<br \/>R\u00e9cup\u00e9ration de vos anciens fichiers comptables (Nous consulter s.v.p.)<br \/>Virements SEPA<br \/>Virements internationaux<br \/>R\u00e9cup\u00e9ration fichiers CODA<br \/>Abonnements<br \/>Extension r\u00e9seau<br \/>Intrastat<br \/>Listes param\u00e9trables<br \/>Poste suppl\u00e9mentaire<br \/>R\u00e9\u00e9valuation des postes en devises<br \/>S\u00e9curit\u00e9<br \/>Signal\u00e9tiques Internet<br \/>Tra\u00e7abilit\u00e9<br \/>Dossier suppl\u00e9mentaire<br \/>5 dossiers suppl\u00e9mentaires<\/h6>\t\t\t\t\t\t<\/div>\n\t\t\t\t<\/div>\n\t\t\t\t\t<\/div>\n\t\t<\/div>\n\t\t\t\t<div class=\"elementor-column elementor-col-33 elementor-top-column elementor-element elementor-element-e3db2d1\" data-id=\"e3db2d1\" data-element_type=\"column\">\n\t\t\t<div class=\"elementor-widget-wrap elementor-element-populated\">\n\t\t\t\t\t\t<div class=\"elementor-element elementor-element-af0df8b elementor-invisible elementor-widget elementor-widget-text-editor\" data-id=\"af0df8b\" data-element_type=\"widget\" data-settings=\"{&quot;_animation&quot;:&quot;slideInRight&quot;}\" data-widget_type=\"text-editor.default\">\n\t\t\t\t<div class=\"elementor-widget-container\">\n\t\t\t\t\t\t\t<h2><strong>Fiduciaire<\/strong><\/h2>\nAnalytique full (jusqu&rsquo;\u00e0 9 plans analytiques)\nComptabilit\u00e9 forfaitaire\nFacturation\nOffice API full (Int\u00e9gration avec Excel)\nLien avec programmes externes\nR\u00e9cup\u00e9ration de vos anciens fichiers comptables (Nous consulter s.v.p.)\nVirements nationaux\nVirements internationaux\nR\u00e9cup\u00e9ration fichiers CODA\nAbonnements\nExtension r\u00e9seau\nGestion des immobilis\u00e9s\nIntrastat\nListes param\u00e9trables\nPoste suppl\u00e9mentaire\nR\u00e9\u00e9valuation des postes en devises\nS\u00e9curit\u00e9\nSignal\u00e9tiques Internet\nTra\u00e7abilit\u00e9\nNombre de dossiers illimit\u00e9<\/p>\n\t\t\t\t\t\t<\/div>\n\t\t\t\t<\/div>\n\t\t\t\t\t<\/div>\n\t\t<\/div>\n\t\t\t\t\t<\/div>\n\t\t<\/section>\n\t\t\t\t<section class=\"elementor-section elementor-top-section elementor-element elementor-element-c35a5ac elementor-section-boxed elementor-section-height-default elementor-section-height-default\" data-id=\"c35a5ac\" data-element_type=\"section\">\n\t\t\t\t\t\t<div class=\"elementor-container elementor-column-gap-default\">\n\t\t\t\t\t<div class=\"elementor-column elementor-col-100 elementor-top-column elementor-element elementor-element-a11123d\" data-id=\"a11123d\" data-element_type=\"column\">\n\t\t\t<div class=\"elementor-widget-wrap elementor-element-populated\">\n\t\t\t\t\t\t<div class=\"elementor-element elementor-element-821fc1c elementor-widget elementor-widget-text-editor\" data-id=\"821fc1c\" data-element_type=\"widget\" data-widget_type=\"text-editor.default\">\n\t\t\t\t<div class=\"elementor-widget-container\">\n\t\t\t\t\t\t\t<h6>En plus des modules suppl\u00e9mentaires Accounting, WinBooks vous propose une gamme plus que compl\u00e8te:<br \/>Analyse bilantaire pour le d\u00e9p\u00f4t des comptes annuels<br \/>Logistics, la gestion commerciale extr\u00eamement personnalisable avec ses modules CRM et e-commerce<br \/>Virtual Invoice, la reconnaissance optique des documents scann\u00e9s et leur int\u00e9gration automatis\u00e9e dans la comptabilit\u00e9 et\/ou la gestion des approbations des factures d&rsquo;achat<\/h6>\t\t\t\t\t\t<\/div>\n\t\t\t\t<\/div>\n\t\t\t\t\t<\/div>\n\t\t<\/div>\n\t\t\t\t\t<\/div>\n\t\t<\/section>\n\t\t\t\t<\/div>\n\t\t","protected":false},"excerpt":{"rendered":"<p>Modules suppl\u00e9mentaires Retour Winbooks classic Business Analytique light (1 plan analytique et 1 quantit\u00e9 au maximum)Comptabilit\u00e9 forfaitaireFacturationOffice API light (Liaison vers Excel)Lien avec programmes externesR\u00e9cup\u00e9ration de vos anciens fichiers comptables (Nous consulter s.v.p.)Virements SEPADictionnaires d&rsquo;\u00e9critures (inclus dans la Comptabilit\u00e9 g\u00e9n\u00e9rale des \u00e9ditions Enterprise et Fiduciaire) Enterprise Analytique full (jusqu&rsquo;\u00e0 9 plans analytiques)Comptabilit\u00e9 forfaitaireFacturationOffice API full &#8230; <a title=\"Winbooks Module supp\" class=\"read-more\" href=\"https:\/\/www.mafact.com\/index.php\/winbooks-module-supp\/\" aria-label=\"More on Winbooks Module supp\">Lire la suite<\/a><\/p>\n","protected":false},"author":1,"featured_media":0,"parent":0,"menu_order":0,"comment_status":"closed","ping_status":"closed","template":"","meta":{"footnotes":""},"_links":{"self":[{"href":"https:\/\/www.mafact.com\/index.php\/wp-json\/wp\/v2\/pages\/670"}],"collection":[{"href":"https:\/\/www.mafact.com\/index.php\/wp-json\/wp\/v2\/pages"}],"about":[{"href":"https:\/\/www.mafact.com\/index.php\/wp-json\/wp\/v2\/types\/page"}],"author":[{"embeddable":true,"href":"https:\/\/www.mafact.com\/index.php\/wp-json\/wp\/v2\/users\/1"}],"replies":[{"embeddable":true,"href":"https:\/\/www.mafact.com\/index.php\/wp-json\/wp\/v2\/comments?post=670"}],"version-history":[{"count":29,"href":"https:\/\/www.mafact.com\/index.php\/wp-json\/wp\/v2\/pages\/670\/revisions"}],"predecessor-version":[{"id":3028,"href":"https:\/\/www.mafact.com\/index.php\/wp-json\/wp\/v2\/pages\/670\/revisions\/3028"}],"wp:attachment":[{"href":"https:\/\/www.mafact.com\/index.php\/wp-json\/wp\/v2\/media?parent=670"}],"curies":[{"name":"wp","href":"https:\/\/api.w.org\/{rel}","templated":true}]}}