{"id":664,"date":"2019-03-27T10:42:09","date_gmt":"2019-03-27T09:42:09","guid":{"rendered":"http:\/\/www.mafact.com\/?page_id=664"},"modified":"2022-07-01T22:23:13","modified_gmt":"2022-07-01T20:23:13","slug":"winbooks-module-de-base","status":"publish","type":"page","link":"https:\/\/www.mafact.com\/index.php\/winbooks-module-de-base\/","title":{"rendered":"Winbooks module de base"},"content":{"rendered":"\t\t<div data-elementor-type=\"wp-post\" data-elementor-id=\"664\" class=\"elementor elementor-664\">\n\t\t\t\t\t\t<section class=\"elementor-section elementor-top-section elementor-element elementor-element-a66d830 elementor-section-boxed elementor-section-height-default elementor-section-height-default\" data-id=\"a66d830\" data-element_type=\"section\">\n\t\t\t\t\t\t<div class=\"elementor-container elementor-column-gap-default\">\n\t\t\t\t\t<div class=\"elementor-column elementor-col-100 elementor-top-column elementor-element elementor-element-a3756e0\" data-id=\"a3756e0\" data-element_type=\"column\">\n\t\t\t<div class=\"elementor-widget-wrap elementor-element-populated\">\n\t\t\t\t\t\t<div class=\"elementor-element elementor-element-97a3d92 elementor-widget__width-initial elementor-absolute elementor-widget elementor-widget-button\" data-id=\"97a3d92\" data-element_type=\"widget\" data-settings=\"{&quot;_position&quot;:&quot;absolute&quot;}\" data-widget_type=\"button.default\">\n\t\t\t\t<div class=\"elementor-widget-container\">\n\t\t\t\t\t\t\t<div class=\"elementor-button-wrapper\">\n\t\t\t\t\t<a class=\"elementor-button elementor-button-link elementor-size-sm\" href=\"http:\/\/www.mafact.com\/index.php\/winbooks-classic\/\">\n\t\t\t\t\t\t<span class=\"elementor-button-content-wrapper\">\n\t\t\t\t\t\t<span class=\"elementor-button-icon\">\n\t\t\t\t<svg aria-hidden=\"true\" class=\"e-font-icon-svg e-fas-arrow-circle-left\" viewBox=\"0 0 512 512\" xmlns=\"http:\/\/www.w3.org\/2000\/svg\"><path d=\"M256 504C119 504 8 393 8 256S119 8 256 8s248 111 248 248-111 248-248 248zm28.9-143.6L209.4 288H392c13.3 0 24-10.7 24-24v-16c0-13.3-10.7-24-24-24H209.4l75.5-72.4c9.7-9.3 9.9-24.8.4-34.3l-11-10.9c-9.4-9.4-24.6-9.4-33.9 0L107.7 239c-9.4 9.4-9.4 24.6 0 33.9l132.7 132.7c9.4 9.4 24.6 9.4 33.9 0l11-10.9c9.5-9.5 9.3-25-.4-34.3z\"><\/path><\/svg>\t\t\t<\/span>\n\t\t\t\t\t\t\t\t\t<span class=\"elementor-button-text\">Retour Winbooks Classic<\/span>\n\t\t\t\t\t<\/span>\n\t\t\t\t\t<\/a>\n\t\t\t\t<\/div>\n\t\t\t\t\t\t<\/div>\n\t\t\t\t<\/div>\n\t\t\t\t\t<\/div>\n\t\t<\/div>\n\t\t\t\t\t<\/div>\n\t\t<\/section>\n\t\t\t\t<section class=\"elementor-section elementor-top-section elementor-element elementor-element-fef205d elementor-section-boxed elementor-section-height-default elementor-section-height-default\" data-id=\"fef205d\" data-element_type=\"section\">\n\t\t\t\t\t\t<div class=\"elementor-container elementor-column-gap-default\">\n\t\t\t\t\t<div class=\"elementor-column elementor-col-100 elementor-top-column elementor-element elementor-element-b795b10\" data-id=\"b795b10\" data-element_type=\"column\">\n\t\t\t<div class=\"elementor-widget-wrap elementor-element-populated\">\n\t\t\t\t\t\t<div class=\"elementor-element elementor-element-57adbe3 elementor-widget elementor-widget-heading\" data-id=\"57adbe3\" data-element_type=\"widget\" data-widget_type=\"heading.default\">\n\t\t\t\t<div class=\"elementor-widget-container\">\n\t\t\t<h2 class=\"elementor-heading-title elementor-size-default\">Module de base Winbooks Classic<\/h2>\t\t<\/div>\n\t\t\t\t<\/div>\n\t\t\t\t\t<\/div>\n\t\t<\/div>\n\t\t\t\t\t<\/div>\n\t\t<\/section>\n\t\t\t\t<section class=\"elementor-section elementor-top-section elementor-element elementor-element-859a765 elementor-section-boxed elementor-section-height-default elementor-section-height-default\" data-id=\"859a765\" data-element_type=\"section\">\n\t\t\t\t\t\t<div class=\"elementor-container elementor-column-gap-default\">\n\t\t\t\t\t<div class=\"elementor-column elementor-col-100 elementor-top-column elementor-element elementor-element-11c7fc4\" data-id=\"11c7fc4\" data-element_type=\"column\">\n\t\t\t<div class=\"elementor-widget-wrap elementor-element-populated\">\n\t\t\t\t\t\t<div class=\"elementor-element elementor-element-d26f328 elementor-widget elementor-widget-text-editor\" data-id=\"d26f328\" data-element_type=\"widget\" data-widget_type=\"text-editor.default\">\n\t\t\t\t<div class=\"elementor-widget-container\">\n\t\t\t\t\t\t\t<h6>\u00a03 \u00e9ditions de WinBooks vous sont propos\u00e9es: Business, Enterprise et Fiduciaire \u00a0<br \/>\u00a0 (Certains fonctions ne sont disponibles qu&rsquo;avec les versions Enterprise et Fiduciaire)<\/h6>\t\t\t\t\t\t<\/div>\n\t\t\t\t<\/div>\n\t\t\t\t\t<\/div>\n\t\t<\/div>\n\t\t\t\t\t<\/div>\n\t\t<\/section>\n\t\t\t\t<section class=\"elementor-section elementor-top-section elementor-element elementor-element-210683e elementor-section-boxed elementor-section-height-default elementor-section-height-default\" data-id=\"210683e\" data-element_type=\"section\">\n\t\t\t\t\t\t<div class=\"elementor-container elementor-column-gap-default\">\n\t\t\t\t\t<div class=\"elementor-column elementor-col-33 elementor-top-column elementor-element elementor-element-f5a416f\" data-id=\"f5a416f\" data-element_type=\"column\">\n\t\t\t<div class=\"elementor-widget-wrap elementor-element-populated\">\n\t\t\t\t\t\t<div class=\"elementor-element elementor-element-8c4bc8f elementor-invisible elementor-widget elementor-widget-text-editor\" data-id=\"8c4bc8f\" data-element_type=\"widget\" data-settings=\"{&quot;_animation&quot;:&quot;slideInLeft&quot;}\" data-widget_type=\"text-editor.default\">\n\t\t\t\t<div class=\"elementor-widget-container\">\n\t\t\t\t\t\t\t<h2><strong>Business<\/strong><\/h2><p>Comptabilit\u00e9 g\u00e9n\u00e9rale<br \/>Encodages ventes, achats, financiers, op\u00e9rations diverses<br \/>Bilan officiel<br \/>Tableau de bord<br \/>D\u00e9claration T.V.A.<br \/>Listing annuel T.V.A.<br \/>Relev\u00e9 intracommunautaire<br \/>Listes comptables (journaux, balances \u00e2g\u00e9es, balances courantes, balances p\u00e9riodiques, historiques, &#8230;)<br \/>Relev\u00e9s de compte<br \/>Rappels client<br \/>1 dossier (au maximum)<br \/>1 PC (au maximum)<br \/>Acc\u00e8s bilan BNB en ligne<br \/>Import\/Export (client\/fiduciaire)<\/p>\t\t\t\t\t\t<\/div>\n\t\t\t\t<\/div>\n\t\t\t\t\t<\/div>\n\t\t<\/div>\n\t\t\t\t<div class=\"elementor-column elementor-col-33 elementor-top-column elementor-element elementor-element-07e8b35\" data-id=\"07e8b35\" data-element_type=\"column\">\n\t\t\t<div class=\"elementor-widget-wrap elementor-element-populated\">\n\t\t\t\t\t\t<div class=\"elementor-element elementor-element-c7aa68d elementor-invisible elementor-widget elementor-widget-text-editor\" data-id=\"c7aa68d\" data-element_type=\"widget\" data-settings=\"{&quot;_animation&quot;:&quot;slideInUp&quot;}\" data-widget_type=\"text-editor.default\">\n\t\t\t\t<div class=\"elementor-widget-container\">\n\t\t\t\t\t\t\t<h2><strong>Enterprise:<\/strong><\/h2><p>Comptabilit\u00e9 g\u00e9n\u00e9rale<br \/>Encodages ventes, achats, financiers, op\u00e9rations diverses<br \/>Bilan officiel<br \/>Tableau de bord<br \/>D\u00e9claration T.V.A.<br \/>Listing annuel T.V.A.<br \/>Relev\u00e9 intracommunautaire<br \/>Listes comptables (journaux, balances \u00e2g\u00e9es, balances courantes, balances p\u00e9riodiques, historiques, &#8230;)<br \/>Relev\u00e9s de compte<br \/>Rappels client<br \/>1 dossier<br \/>2 PC<br \/>Acc\u00e8s bilan BNB en ligne<br \/>Import\/Export (client\/fiduciaire)<br \/>Annexes fiscales (Fiches 281.50)<br \/>Dictictionnaire d&rsquo;\u00e9critures inclus<\/p>\t\t\t\t\t\t<\/div>\n\t\t\t\t<\/div>\n\t\t\t\t\t<\/div>\n\t\t<\/div>\n\t\t\t\t<div class=\"elementor-column elementor-col-33 elementor-top-column elementor-element elementor-element-d0f6324\" data-id=\"d0f6324\" data-element_type=\"column\">\n\t\t\t<div class=\"elementor-widget-wrap elementor-element-populated\">\n\t\t\t\t\t\t<div class=\"elementor-element elementor-element-b1e487f elementor-invisible elementor-widget elementor-widget-text-editor\" data-id=\"b1e487f\" data-element_type=\"widget\" data-settings=\"{&quot;_animation&quot;:&quot;bounceInRight&quot;}\" data-widget_type=\"text-editor.default\">\n\t\t\t\t<div class=\"elementor-widget-container\">\n\t\t\t\t\t\t\t<h2><strong>Fiduciaire:<\/strong><\/h2><p>Comptabilit\u00e9 g\u00e9n\u00e9rale<br \/>Encodages ventes, achats, financiers, op\u00e9rations diverses<br \/>Bilan officiel<br \/>Tableau de bord<br \/>D\u00e9claration T.V.A.<br \/>Listing annuel T.V.A.<br \/>Relev\u00e9 intracommunautaire<br \/>Listes comptables (journaux, balances \u00e2g\u00e9es, balances courantes, balances p\u00e9riodiques, historiques, &#8230;)<br \/>Relev\u00e9s de compte<br \/>Rappels client<br \/>Nombre de dossier illimit\u00e9<br \/>2 PC<br \/>Acc\u00e8s bilan BNB en ligne<br \/>Import\/Export (client\/fiduciaire)<br \/>Annexes fiscales (Fiches 281.50)<br \/>Dictionnaires d&rsquo;\u00e9critures inclus<\/p>\t\t\t\t\t\t<\/div>\n\t\t\t\t<\/div>\n\t\t\t\t\t<\/div>\n\t\t<\/div>\n\t\t\t\t\t<\/div>\n\t\t<\/section>\n\t\t\t\t<section class=\"elementor-section elementor-top-section elementor-element elementor-element-effc604 elementor-section-boxed elementor-section-height-default elementor-section-height-default\" data-id=\"effc604\" data-element_type=\"section\">\n\t\t\t\t\t\t<div class=\"elementor-container elementor-column-gap-default\">\n\t\t\t\t\t<div class=\"elementor-column elementor-col-100 elementor-top-column elementor-element elementor-element-c2d5e94\" data-id=\"c2d5e94\" data-element_type=\"column\">\n\t\t\t<div class=\"elementor-widget-wrap elementor-element-populated\">\n\t\t\t\t\t\t<div class=\"elementor-element elementor-element-0dba5e4 elementor-widget elementor-widget-text-editor\" data-id=\"0dba5e4\" data-element_type=\"widget\" data-widget_type=\"text-editor.default\">\n\t\t\t\t<div class=\"elementor-widget-container\">\n\t\t\t\t\t\t\t<p>En plus des modules suppl\u00e9mentaires Accounting, WinBooks vous propose une gamme plus que compl\u00e8te:<br \/>Analyse bilantaire pour le d\u00e9p\u00f4t des comptes annuels<br \/>Logistics, la gestion commerciale extr\u00eamement personnalisable avec ses modules CRM et e-commerce<br \/>Virtual Invoice, la reconnaissance optique des documents scann\u00e9s et leur int\u00e9gration automatis\u00e9e dans la comptabilit\u00e9 et\/ou la gestion des approbations des factures d&rsquo;achat<\/p>\t\t\t\t\t\t<\/div>\n\t\t\t\t<\/div>\n\t\t\t\t\t<\/div>\n\t\t<\/div>\n\t\t\t\t\t<\/div>\n\t\t<\/section>\n\t\t\t\t<\/div>\n\t\t","protected":false},"excerpt":{"rendered":"<p>Retour Winbooks Classic Module de base Winbooks Classic \u00a03 \u00e9ditions de WinBooks vous sont propos\u00e9es: Business, Enterprise et Fiduciaire \u00a0\u00a0 (Certains fonctions ne sont disponibles qu&rsquo;avec les versions Enterprise et Fiduciaire) Business Comptabilit\u00e9 g\u00e9n\u00e9raleEncodages ventes, achats, financiers, op\u00e9rations diversesBilan officielTableau de bordD\u00e9claration T.V.A.Listing annuel T.V.A.Relev\u00e9 intracommunautaireListes comptables (journaux, balances \u00e2g\u00e9es, balances courantes, balances p\u00e9riodiques, historiques, &#8230; <a title=\"Winbooks module de base\" class=\"read-more\" href=\"https:\/\/www.mafact.com\/index.php\/winbooks-module-de-base\/\" aria-label=\"More on Winbooks module de base\">Lire la suite<\/a><\/p>\n","protected":false},"author":1,"featured_media":0,"parent":0,"menu_order":0,"comment_status":"closed","ping_status":"closed","template":"","meta":{"footnotes":""},"_links":{"self":[{"href":"https:\/\/www.mafact.com\/index.php\/wp-json\/wp\/v2\/pages\/664"}],"collection":[{"href":"https:\/\/www.mafact.com\/index.php\/wp-json\/wp\/v2\/pages"}],"about":[{"href":"https:\/\/www.mafact.com\/index.php\/wp-json\/wp\/v2\/types\/page"}],"author":[{"embeddable":true,"href":"https:\/\/www.mafact.com\/index.php\/wp-json\/wp\/v2\/users\/1"}],"replies":[{"embeddable":true,"href":"https:\/\/www.mafact.com\/index.php\/wp-json\/wp\/v2\/comments?post=664"}],"version-history":[{"count":35,"href":"https:\/\/www.mafact.com\/index.php\/wp-json\/wp\/v2\/pages\/664\/revisions"}],"predecessor-version":[{"id":2853,"href":"https:\/\/www.mafact.com\/index.php\/wp-json\/wp\/v2\/pages\/664\/revisions\/2853"}],"wp:attachment":[{"href":"https:\/\/www.mafact.com\/index.php\/wp-json\/wp\/v2\/media?parent=664"}],"curies":[{"name":"wp","href":"https:\/\/api.w.org\/{rel}","templated":true}]}}