{"id":419,"date":"2019-03-26T14:26:01","date_gmt":"2019-03-26T13:26:01","guid":{"rendered":"http:\/\/www.mafact.com\/?page_id=419"},"modified":"2023-08-09T16:17:47","modified_gmt":"2023-08-09T14:17:47","slug":"elementor-419","status":"publish","type":"page","link":"https:\/\/www.mafact.com\/index.php\/elementor-419\/","title":{"rendered":"first softwares"},"content":{"rendered":"\t\t<div data-elementor-type=\"wp-page\" data-elementor-id=\"419\" class=\"elementor elementor-419\">\n\t\t\t\t\t\t<section class=\"elementor-section elementor-top-section elementor-element elementor-element-4d056d9 elementor-section-boxed elementor-section-height-default elementor-section-height-default\" data-id=\"4d056d9\" data-element_type=\"section\">\n\t\t\t\t\t\t<div class=\"elementor-container elementor-column-gap-default\">\n\t\t\t\t\t<div class=\"elementor-column elementor-col-100 elementor-top-column elementor-element elementor-element-09bb94e\" data-id=\"09bb94e\" data-element_type=\"column\">\n\t\t\t<div class=\"elementor-widget-wrap elementor-element-populated\">\n\t\t\t\t\t\t<div class=\"elementor-element elementor-element-33c5414 elementor-widget__width-initial elementor-align-left elementor-icon-list--layout-traditional elementor-list-item-link-full_width elementor-widget elementor-widget-icon-list\" data-id=\"33c5414\" data-element_type=\"widget\" data-widget_type=\"icon-list.default\">\n\t\t\t\t<div class=\"elementor-widget-container\">\n\t\t\t\t\t<ul class=\"elementor-icon-list-items\">\n\t\t\t\t\t\t\t<li class=\"elementor-icon-list-item\">\n\t\t\t\t\t\t\t\t\t\t\t<a href=\"https:\/\/www.winbooks.be\/fr\/telechargements\/?wpdmc=analyse-bilantaire\">\n\n\t\t\t\t\t\t\t\t\t\t\t\t<span class=\"elementor-icon-list-icon\">\n\t\t\t\t\t\t\t<svg aria-hidden=\"true\" class=\"e-font-icon-svg e-fas-circle\" viewBox=\"0 0 512 512\" xmlns=\"http:\/\/www.w3.org\/2000\/svg\"><path d=\"M256 8C119 8 8 119 8 256s111 248 248 248 248-111 248-248S393 8 256 8z\"><\/path><\/svg>\t\t\t\t\t\t<\/span>\n\t\t\t\t\t\t\t\t\t\t<span class=\"elementor-icon-list-text\">T\u00e9l\u00e9chargement<\/span>\n\t\t\t\t\t\t\t\t\t\t\t<\/a>\n\t\t\t\t\t\t\t\t\t<\/li>\n\t\t\t\t\t\t<\/ul>\n\t\t\t\t<\/div>\n\t\t\t\t<\/div>\n\t\t\t\t\t<\/div>\n\t\t<\/div>\n\t\t\t\t\t<\/div>\n\t\t<\/section>\n\t\t\t\t<section class=\"elementor-section elementor-top-section elementor-element elementor-element-92b3304 elementor-section-boxed elementor-section-height-default elementor-section-height-default\" data-id=\"92b3304\" data-element_type=\"section\">\n\t\t\t\t\t\t<div class=\"elementor-container elementor-column-gap-default\">\n\t\t\t\t\t<div class=\"elementor-column elementor-col-100 elementor-top-column elementor-element elementor-element-581a9e8\" data-id=\"581a9e8\" data-element_type=\"column\">\n\t\t\t<div class=\"elementor-widget-wrap elementor-element-populated\">\n\t\t\t\t\t\t<div class=\"elementor-element elementor-element-424d881 elementor-widget__width-initial elementor-absolute elementor-widget elementor-widget-image\" data-id=\"424d881\" data-element_type=\"widget\" data-settings=\"{&quot;_position&quot;:&quot;absolute&quot;}\" data-widget_type=\"image.default\">\n\t\t\t\t<div class=\"elementor-widget-container\">\n\t\t\t\t\t\t\t\t\t\t\t\t\t<img fetchpriority=\"high\" decoding=\"async\" width=\"257\" height=\"257\" src=\"https:\/\/www.mafact.com\/wp-content\/uploads\/2019\/08\/wb-analbil-256.png\" class=\"attachment-medium size-medium wp-image-1746\" alt=\"\" srcset=\"https:\/\/www.mafact.com\/wp-content\/uploads\/2019\/08\/wb-analbil-256.png 257w, https:\/\/www.mafact.com\/wp-content\/uploads\/2019\/08\/wb-analbil-256-150x150.png 150w\" sizes=\"(max-width: 257px) 100vw, 257px\" \/>\t\t\t\t\t\t\t\t\t\t\t\t\t<\/div>\n\t\t\t\t<\/div>\n\t\t\t\t<div class=\"elementor-element elementor-element-d503fb6 elementor-widget__width-initial elementor-absolute elementor-widget elementor-widget-image\" data-id=\"d503fb6\" data-element_type=\"widget\" data-settings=\"{&quot;_position&quot;:&quot;absolute&quot;}\" data-widget_type=\"image.default\">\n\t\t\t\t<div class=\"elementor-widget-container\">\n\t\t\t\t\t\t\t\t\t\t\t\t\t<img decoding=\"async\" width=\"603\" height=\"460\" src=\"https:\/\/www.mafact.com\/wp-content\/uploads\/2019\/08\/first_jaarrekeningen.png\" class=\"attachment-large size-large wp-image-1769\" alt=\"\" srcset=\"https:\/\/www.mafact.com\/wp-content\/uploads\/2019\/08\/first_jaarrekeningen.png 603w, https:\/\/www.mafact.com\/wp-content\/uploads\/2019\/08\/first_jaarrekeningen-300x229.png 300w\" sizes=\"(max-width: 603px) 100vw, 603px\" \/>\t\t\t\t\t\t\t\t\t\t\t\t\t<\/div>\n\t\t\t\t<\/div>\n\t\t\t\t<div class=\"elementor-element elementor-element-a83405e elementor-widget__width-initial elementor-absolute elementor-widget elementor-widget-image\" data-id=\"a83405e\" data-element_type=\"widget\" data-settings=\"{&quot;_position&quot;:&quot;absolute&quot;}\" data-widget_type=\"image.default\">\n\t\t\t\t<div class=\"elementor-widget-container\">\n\t\t\t\t\t\t\t\t\t\t\t\t\t<img decoding=\"async\" width=\"709\" height=\"587\" src=\"https:\/\/www.mafact.com\/wp-content\/uploads\/2019\/08\/first_belastingaangiften_2.png_2.jpg\" class=\"attachment-large size-large wp-image-1770\" alt=\"\" srcset=\"https:\/\/www.mafact.com\/wp-content\/uploads\/2019\/08\/first_belastingaangiften_2.png_2.jpg 709w, https:\/\/www.mafact.com\/wp-content\/uploads\/2019\/08\/first_belastingaangiften_2.png_2-300x248.jpg 300w\" sizes=\"(max-width: 709px) 100vw, 709px\" \/>\t\t\t\t\t\t\t\t\t\t\t\t\t<\/div>\n\t\t\t\t<\/div>\n\t\t\t\t<div class=\"elementor-element elementor-element-a4f658b elementor-widget__width-initial elementor-absolute elementor-widget elementor-widget-image\" data-id=\"a4f658b\" data-element_type=\"widget\" data-settings=\"{&quot;_position&quot;:&quot;absolute&quot;}\" data-widget_type=\"image.default\">\n\t\t\t\t<div class=\"elementor-widget-container\">\n\t\t\t\t\t\t\t\t\t\t\t\t\t<img loading=\"lazy\" decoding=\"async\" width=\"225\" height=\"225\" src=\"https:\/\/www.mafact.com\/wp-content\/uploads\/2019\/08\/index.jpg\" class=\"attachment-medium size-medium wp-image-1804\" alt=\"\" srcset=\"https:\/\/www.mafact.com\/wp-content\/uploads\/2019\/08\/index.jpg 225w, https:\/\/www.mafact.com\/wp-content\/uploads\/2019\/08\/index-150x150.jpg 150w\" sizes=\"(max-width: 225px) 100vw, 225px\" \/>\t\t\t\t\t\t\t\t\t\t\t\t\t<\/div>\n\t\t\t\t<\/div>\n\t\t\t\t<div class=\"elementor-element elementor-element-cadd300 elementor-widget elementor-widget-text-editor\" data-id=\"cadd300\" data-element_type=\"widget\" data-widget_type=\"text-editor.default\">\n\t\t\t\t<div class=\"elementor-widget-container\">\n\t\t\t\t\t\t\t<p><b>FIRST COMPTE ANNUEL<\/b> est la solution pour \u00e9tablir et d\u00e9clarer vos comptes annuels dans le format XBRL ou PDF de mani\u00e8re rapide, efficace et fiable.<\/p><p>First Comptes Annuels a \u00e9t\u00e9 d\u00e9velopp\u00e9 en consultation avec la Centrale des Bilans de la Banque Nationale de Belgique. Notre logiciel est conforme aux exigences l\u00e9gales impos\u00e9es par la B.N.B. et permet de nombreuses v\u00e9rifications en mati\u00e8re de comptabilit\u00e9 et de droit des soci\u00e9t\u00e9s.<br \/>Obtenez une vue d&rsquo;ensemble claire de tous les contr\u00f4les avec une explication et une formule.<br \/>First Comptes Annuels r\u00e9pond \u00e0 toutes vos demandes et continue \u00e0 \u00e9voluer au regard de la l\u00e9gislation r\u00e9cente.<\/p><p>Effectuez une analyse financi\u00e8re sur 5 exercices financiers.<br \/>Consultez les comptes annuels internes pour comparer cinq exercices financiers.<br \/>Report des donn\u00e9es \u00e0 l&rsquo;exercice suivant.<br \/>Un simple clic de souris suffit pour arrondir les montants.<br \/>Importez les donn\u00e9es de votre logiciel comptable de mani\u00e8re intuitive et automatique.<br \/>Ins\u00e9rez facilement des fichiers PDF pour la structure de l&rsquo;actionnariat, le rapport annuel et le rapport de l&rsquo;organe de r\u00e9vision.<br \/>Les hyperliens facilitent l&rsquo;\u00e9tablissement des comptes annuels : vous pouvez naviguer rapidement entre le bilan, le compte de r\u00e9sultat, l&rsquo;annexe et l&rsquo;audit.<\/p><p><b>FIRST DECLARATIONS A L&rsquo;IMPOT<\/b> a \u00e9t\u00e9 d\u00e9velopp\u00e9 en \u00e9troite concertation avec le S.P.F. Finances et par une \u00e9quipe de sp\u00e9cialistes avec une exp\u00e9rience \u00e9tendue en XBRL.<\/p><p>Vous recevez en temps r\u00e9el un aper\u00e7u des contr\u00f4les du contenu et vous pouvez effectuer des contr\u00f4les de structure.<\/p><p>Importez la balance provisoire de First Manager<br \/>Importez les fichiers Biztax et r\u00e9cup\u00e9rez l&rsquo;historique des donn\u00e9es<br \/>Importez des fichiers XML de votre logiciel de comptabilit\u00e9.<br \/>Cherchez la d\u00e9claration par code ou par description.<br \/>Ajoutez des annexes quand vous le souhaitez (par exemple les rapports \u00e0 l&rsquo;assembl\u00e9e g\u00e9n\u00e9rale et d\u00e9lib\u00e9rations de celle-ci).<br \/>Gardez l&rsquo;aper\u00e7u de votre d\u00e9claration : apr\u00e8s chaque ajustement, le montant \u00e0 r\u00e9cup\u00e9rer ou \u00e0 payer est recalcul\u00e9.<br \/>Exportez votre d\u00e9claration, y compris les annexes, en format Biztax ou sous forme d&rsquo;enveloppe contentant un maximum de 25 d\u00e9clarations.<\/p><div>\u00a0<\/div><div>\u00a0<\/div>\t\t\t\t\t\t<\/div>\n\t\t\t\t<\/div>\n\t\t\t\t\t<\/div>\n\t\t<\/div>\n\t\t\t\t\t<\/div>\n\t\t<\/section>\n\t\t\t\t<\/div>\n\t\t","protected":false},"excerpt":{"rendered":"<p>T\u00e9l\u00e9chargement FIRST COMPTE ANNUEL est la solution pour \u00e9tablir et d\u00e9clarer vos comptes annuels dans le format XBRL ou PDF de mani\u00e8re rapide, efficace et fiable. First Comptes Annuels a \u00e9t\u00e9 d\u00e9velopp\u00e9 en consultation avec la Centrale des Bilans de la Banque Nationale de Belgique. Notre logiciel est conforme aux exigences l\u00e9gales impos\u00e9es par la &#8230; <a title=\"first softwares\" class=\"read-more\" href=\"https:\/\/www.mafact.com\/index.php\/elementor-419\/\" aria-label=\"More on first softwares\">Lire la suite<\/a><\/p>\n","protected":false},"author":1,"featured_media":0,"parent":0,"menu_order":0,"comment_status":"closed","ping_status":"closed","template":"","meta":{"footnotes":""},"_links":{"self":[{"href":"https:\/\/www.mafact.com\/index.php\/wp-json\/wp\/v2\/pages\/419"}],"collection":[{"href":"https:\/\/www.mafact.com\/index.php\/wp-json\/wp\/v2\/pages"}],"about":[{"href":"https:\/\/www.mafact.com\/index.php\/wp-json\/wp\/v2\/types\/page"}],"author":[{"embeddable":true,"href":"https:\/\/www.mafact.com\/index.php\/wp-json\/wp\/v2\/users\/1"}],"replies":[{"embeddable":true,"href":"https:\/\/www.mafact.com\/index.php\/wp-json\/wp\/v2\/comments?post=419"}],"version-history":[{"count":23,"href":"https:\/\/www.mafact.com\/index.php\/wp-json\/wp\/v2\/pages\/419\/revisions"}],"predecessor-version":[{"id":3201,"href":"https:\/\/www.mafact.com\/index.php\/wp-json\/wp\/v2\/pages\/419\/revisions\/3201"}],"wp:attachment":[{"href":"https:\/\/www.mafact.com\/index.php\/wp-json\/wp\/v2\/media?parent=419"}],"curies":[{"name":"wp","href":"https:\/\/api.w.org\/{rel}","templated":true}]}}