{"id":480,"date":"2019-03-26T15:11:15","date_gmt":"2019-03-26T14:11:15","guid":{"rendered":"http:\/\/www.mafact.com\/?page_id=480"},"modified":"2019-09-17T16:23:36","modified_gmt":"2019-09-17T14:23:36","slug":"interface-sql","status":"publish","type":"page","link":"http:\/\/www.mafact.com\/index.php\/interface-sql\/","title":{"rendered":"Interface sql"},"content":{"rendered":"\t\t<div data-elementor-type=\"wp-post\" data-elementor-id=\"480\" class=\"elementor elementor-480\">\n\t\t\t\t\t\t<section class=\"elementor-section elementor-top-section elementor-element elementor-element-5744c17 elementor-section-boxed elementor-section-height-default elementor-section-height-default\" data-id=\"5744c17\" data-element_type=\"section\">\n\t\t\t\t\t\t<div class=\"elementor-container elementor-column-gap-default\">\n\t\t\t\t\t<div class=\"elementor-column elementor-col-100 elementor-top-column elementor-element elementor-element-952dd5d\" data-id=\"952dd5d\" data-element_type=\"column\">\n\t\t\t<div class=\"elementor-widget-wrap elementor-element-populated\">\n\t\t\t\t\t\t<div class=\"elementor-element elementor-element-ac84b45 elementor-widget elementor-widget-heading\" data-id=\"ac84b45\" data-element_type=\"widget\" data-widget_type=\"heading.default\">\n\t\t\t\t<div class=\"elementor-widget-container\">\n\t\t\t<h2 class=\"elementor-heading-title elementor-size-default\">Interfaces Sql<\/h2>\t\t<\/div>\n\t\t\t\t<\/div>\n\t\t\t\t\t<\/div>\n\t\t<\/div>\n\t\t\t\t\t<\/div>\n\t\t<\/section>\n\t\t\t\t<section class=\"elementor-section elementor-top-section elementor-element elementor-element-0727efa elementor-section-boxed elementor-section-height-default elementor-section-height-default\" data-id=\"0727efa\" data-element_type=\"section\">\n\t\t\t\t\t\t<div class=\"elementor-container elementor-column-gap-default\">\n\t\t\t\t\t<div class=\"elementor-column elementor-col-100 elementor-top-column elementor-element elementor-element-8372168\" data-id=\"8372168\" data-element_type=\"column\">\n\t\t\t<div class=\"elementor-widget-wrap elementor-element-populated\">\n\t\t\t\t\t\t<div class=\"elementor-element elementor-element-d14a46f elementor-widget elementor-widget-text-editor\" data-id=\"d14a46f\" data-element_type=\"widget\" data-widget_type=\"text-editor.default\">\n\t\t\t\t<div class=\"elementor-widget-container\">\n\t\t\t\t\t\t\t<h3><b>Sql = Structured Query Language<\/b><\/h3>\n<p>Mafact travaille en architecture client\/serveur qui utilise le programme SAP \u201cADS SQL Server\u201d, une version tr\u00e8s all\u00e9g\u00e9e de serveur SQL.<\/p>\n<p>Dans le programme MAFACT, de nombreuses interfaces SQL ont \u00e9t\u00e9 d\u00e9velopp\u00e9es.<\/p>\n<p>Tous les exports vers Microsoft Excel sont bas\u00e9s sur des requ\u00eates SQL de m\u00eame que la plupart des requ\u00eates vers Winbooks comptabilit\u00e9.<\/p>\n<p>De nombreux outils li\u00e9s au programme MAFACT \u00e9tablissent des connexions vers diverses databases locales ou sur le cloud.<\/p>\n<p>Synchronisation de et vers Mafact avec diverses DB, synchronisation de et vers Winbooks avec Microsoft SQL server, Oracle, Mysql, Azure\u2026<\/p>\n<p>C\u2019est ainsi que MAFACT importe et exporte des documents comptables et extra-comptables, de l\u2019analytique, des tiers, des articles et des paiements depuis de tr\u00e8s nombreux sites et programmes externes.<\/p>\n<p>&nbsp;<\/p>\t\t\t\t\t\t<\/div>\n\t\t\t\t<\/div>\n\t\t\t\t\t<\/div>\n\t\t<\/div>\n\t\t\t\t\t<\/div>\n\t\t<\/section>\n\t\t\t\t<\/div>\n\t\t","protected":false},"excerpt":{"rendered":"<p>Interfaces Sql Sql = Structured Query Language Mafact travaille en architecture client\/serveur qui utilise le programme SAP \u201cADS SQL Server\u201d, une version tr\u00e8s all\u00e9g\u00e9e de serveur SQL. Dans le programme MAFACT, de nombreuses interfaces SQL ont \u00e9t\u00e9 d\u00e9velopp\u00e9es. Tous les exports vers Microsoft Excel sont bas\u00e9s sur des requ\u00eates SQL de m\u00eame que la plupart &#8230; <a title=\"Interface sql\" class=\"read-more\" href=\"http:\/\/www.mafact.com\/index.php\/interface-sql\/\" aria-label=\"More on Interface sql\">Lire la suite<\/a><\/p>\n","protected":false},"author":1,"featured_media":0,"parent":0,"menu_order":0,"comment_status":"closed","ping_status":"closed","template":"","meta":{"footnotes":""},"_links":{"self":[{"href":"http:\/\/www.mafact.com\/index.php\/wp-json\/wp\/v2\/pages\/480"}],"collection":[{"href":"http:\/\/www.mafact.com\/index.php\/wp-json\/wp\/v2\/pages"}],"about":[{"href":"http:\/\/www.mafact.com\/index.php\/wp-json\/wp\/v2\/types\/page"}],"author":[{"embeddable":true,"href":"http:\/\/www.mafact.com\/index.php\/wp-json\/wp\/v2\/users\/1"}],"replies":[{"embeddable":true,"href":"http:\/\/www.mafact.com\/index.php\/wp-json\/wp\/v2\/comments?post=480"}],"version-history":[{"count":11,"href":"http:\/\/www.mafact.com\/index.php\/wp-json\/wp\/v2\/pages\/480\/revisions"}],"predecessor-version":[{"id":2442,"href":"http:\/\/www.mafact.com\/index.php\/wp-json\/wp\/v2\/pages\/480\/revisions\/2442"}],"wp:attachment":[{"href":"http:\/\/www.mafact.com\/index.php\/wp-json\/wp\/v2\/media?parent=480"}],"curies":[{"name":"wp","href":"https:\/\/api.w.org\/{rel}","templated":true}]}}