{"id":2666,"date":"2021-12-13T13:45:40","date_gmt":"2021-12-13T12:45:40","guid":{"rendered":"http:\/\/www.mafact.com\/?page_id=2666"},"modified":"2022-07-06T16:20:26","modified_gmt":"2022-07-06T14:20:26","slug":"exact-on-line","status":"publish","type":"page","link":"http:\/\/www.mafact.com\/index.php\/exact-on-line\/","title":{"rendered":"Exact On Lline"},"content":{"rendered":"\t\t<div data-elementor-type=\"wp-page\" data-elementor-id=\"2666\" class=\"elementor elementor-2666\">\n\t\t\t\t\t\t<section class=\"elementor-section elementor-top-section elementor-element elementor-element-9e3e8f0 elementor-section-boxed elementor-section-height-default elementor-section-height-default\" data-id=\"9e3e8f0\" data-element_type=\"section\">\n\t\t\t\t\t\t<div class=\"elementor-container elementor-column-gap-default\">\n\t\t\t\t\t<div class=\"elementor-column elementor-col-50 elementor-top-column elementor-element elementor-element-824346a\" data-id=\"824346a\" data-element_type=\"column\">\n\t\t\t<div class=\"elementor-widget-wrap elementor-element-populated\">\n\t\t\t\t\t\t<div class=\"elementor-element elementor-element-1daaf73 elementor-widget__width-initial elementor-absolute elementor-widget elementor-widget-image\" data-id=\"1daaf73\" data-element_type=\"widget\" data-settings=\"{&quot;_position&quot;:&quot;absolute&quot;}\" data-widget_type=\"image.default\">\n\t\t\t\t<div class=\"elementor-widget-container\">\n\t\t\t\t\t\t\t\t\t\t\t\t\t<img fetchpriority=\"high\" decoding=\"async\" width=\"300\" height=\"300\" src=\"http:\/\/www.mafact.com\/wp-content\/uploads\/2021\/12\/d01a17af146a0489f3fdd256808c4e2b.jpeg\" class=\"attachment-medium size-medium wp-image-2681\" alt=\"\" srcset=\"http:\/\/www.mafact.com\/wp-content\/uploads\/2021\/12\/d01a17af146a0489f3fdd256808c4e2b.jpeg 300w, http:\/\/www.mafact.com\/wp-content\/uploads\/2021\/12\/d01a17af146a0489f3fdd256808c4e2b-150x150.jpeg 150w\" sizes=\"(max-width: 300px) 100vw, 300px\" \/>\t\t\t\t\t\t\t\t\t\t\t\t\t<\/div>\n\t\t\t\t<\/div>\n\t\t\t\t<div class=\"elementor-element elementor-element-8d382c3 elementor-absolute elementor-widget__width-initial elementor-widget elementor-widget-image\" data-id=\"8d382c3\" data-element_type=\"widget\" data-settings=\"{&quot;_position&quot;:&quot;absolute&quot;}\" data-widget_type=\"image.default\">\n\t\t\t\t<div class=\"elementor-widget-container\">\n\t\t\t\t\t\t\t\t\t\t\t\t\t<img decoding=\"async\" width=\"500\" height=\"185\" src=\"http:\/\/www.mafact.com\/wp-content\/uploads\/2021\/12\/Logo-Exact-Online-e1578486135684.png\" class=\"attachment-medium_large size-medium_large wp-image-2679\" alt=\"\" srcset=\"http:\/\/www.mafact.com\/wp-content\/uploads\/2021\/12\/Logo-Exact-Online-e1578486135684.png 500w, http:\/\/www.mafact.com\/wp-content\/uploads\/2021\/12\/Logo-Exact-Online-e1578486135684-300x111.png 300w\" sizes=\"(max-width: 500px) 100vw, 500px\" \/>\t\t\t\t\t\t\t\t\t\t\t\t\t<\/div>\n\t\t\t\t<\/div>\n\t\t\t\t\t<\/div>\n\t\t<\/div>\n\t\t\t\t<div class=\"elementor-column elementor-col-50 elementor-top-column elementor-element elementor-element-7d26b4b\" data-id=\"7d26b4b\" data-element_type=\"column\">\n\t\t\t<div class=\"elementor-widget-wrap elementor-element-populated\">\n\t\t\t\t\t\t<div class=\"elementor-element elementor-element-66ff64f elementor-align-left elementor-icon-list--layout-traditional elementor-list-item-link-full_width elementor-widget elementor-widget-icon-list\" data-id=\"66ff64f\" data-element_type=\"widget\" data-widget_type=\"icon-list.default\">\n\t\t\t\t<div class=\"elementor-widget-container\">\n\t\t\t\t\t<ul class=\"elementor-icon-list-items\">\n\t\t\t\t\t\t\t<li class=\"elementor-icon-list-item\">\n\t\t\t\t\t\t\t\t\t\t\t<a href=\"https:\/\/www.exact.com\/befr\/produits\/comptabilite\/essayez\">\n\n\t\t\t\t\t\t\t\t\t\t\t\t<span class=\"elementor-icon-list-icon\">\n\t\t\t\t\t\t\t<svg aria-hidden=\"true\" class=\"e-font-icon-svg e-fas-circle\" viewBox=\"0 0 512 512\" xmlns=\"http:\/\/www.w3.org\/2000\/svg\"><path d=\"M256 8C119 8 8 119 8 256s111 248 248 248 248-111 248-248S393 8 256 8z\"><\/path><\/svg>\t\t\t\t\t\t<\/span>\n\t\t\t\t\t\t\t\t\t\t<span class=\"elementor-icon-list-text\">Exact Online test<\/span>\n\t\t\t\t\t\t\t\t\t\t\t<\/a>\n\t\t\t\t\t\t\t\t\t<\/li>\n\t\t\t\t\t\t\t\t<li class=\"elementor-icon-list-item\">\n\t\t\t\t\t\t\t\t\t\t\t<a href=\"https:\/\/www.exact.com\/befr\/produits\/accountancy\/fonctions-prix#features\">\n\n\t\t\t\t\t\t\t\t\t\t\t\t<span class=\"elementor-icon-list-icon\">\n\t\t\t\t\t\t\t<svg aria-hidden=\"true\" class=\"e-font-icon-svg e-fas-circle\" viewBox=\"0 0 512 512\" xmlns=\"http:\/\/www.w3.org\/2000\/svg\"><path d=\"M256 8C119 8 8 119 8 256s111 248 248 248 248-111 248-248S393 8 256 8z\"><\/path><\/svg>\t\t\t\t\t\t<\/span>\n\t\t\t\t\t\t\t\t\t\t<span class=\"elementor-icon-list-text\">Listes de prix<\/span>\n\t\t\t\t\t\t\t\t\t\t\t<\/a>\n\t\t\t\t\t\t\t\t\t<\/li>\n\t\t\t\t\t\t<\/ul>\n\t\t\t\t<\/div>\n\t\t\t\t<\/div>\n\t\t\t\t\t<\/div>\n\t\t<\/div>\n\t\t\t\t\t<\/div>\n\t\t<\/section>\n\t\t\t\t<section class=\"elementor-section elementor-top-section elementor-element elementor-element-ae8aa3c elementor-section-boxed elementor-section-height-default elementor-section-height-default\" data-id=\"ae8aa3c\" data-element_type=\"section\">\n\t\t\t\t\t\t<div class=\"elementor-container elementor-column-gap-default\">\n\t\t\t\t\t<div class=\"elementor-column elementor-col-100 elementor-top-column elementor-element elementor-element-e41b7e9\" data-id=\"e41b7e9\" data-element_type=\"column\">\n\t\t\t<div class=\"elementor-widget-wrap elementor-element-populated\">\n\t\t\t\t\t\t<div class=\"elementor-element elementor-element-b0efedd elementor-widget elementor-widget-text-editor\" data-id=\"b0efedd\" data-element_type=\"widget\" data-widget_type=\"text-editor.default\">\n\t\t\t\t<div class=\"elementor-widget-container\">\n\t\t\t\t\t\t\t<p><em>Nous avons le grand plaisir de vous annoncer que dor\u00e9navant nous sommes \u00e9galement en mesure de proposer la solution Exact On Line.<\/em><\/p>\t\t\t\t\t\t<\/div>\n\t\t\t\t<\/div>\n\t\t\t\t\t<\/div>\n\t\t<\/div>\n\t\t\t\t\t<\/div>\n\t\t<\/section>\n\t\t\t\t<section class=\"elementor-section elementor-top-section elementor-element elementor-element-2619012 elementor-section-boxed elementor-section-height-default elementor-section-height-default\" data-id=\"2619012\" data-element_type=\"section\">\n\t\t\t\t\t\t<div class=\"elementor-container elementor-column-gap-default\">\n\t\t\t\t\t<div class=\"elementor-column elementor-col-100 elementor-top-column elementor-element elementor-element-2f5d352\" data-id=\"2f5d352\" data-element_type=\"column\">\n\t\t\t<div class=\"elementor-widget-wrap elementor-element-populated\">\n\t\t\t\t\t\t<div class=\"elementor-element elementor-element-c5a25e6 elementor-widget elementor-widget-text-editor\" data-id=\"c5a25e6\" data-element_type=\"widget\" data-widget_type=\"text-editor.default\">\n\t\t\t\t<div class=\"elementor-widget-container\">\n\t\t\t\t\t\t\t<p><em>Comme vous le savez, WinBooks a rejoint le groupe Exact en d\u00e9cembre 2019. La cons\u00e9quence imm\u00e9diate a \u00e9t\u00e9 qu&rsquo;avec ses deux gammes\u00a0 de produits le groupe est devenu le num\u00e9ro 1 sur le march\u00e9 belge.\u00a0\u00a0<\/em><\/p><p>\u00a0<\/p><p><em>Depuis, Exact a\u00a0 clairement affich\u00e9 sa volont\u00e9 de travailler en partenariat avec le r\u00e9seau de revendeurs WinBooks pour sa gamme Exact on Line. En tant\u00a0 que revendeur WinBooks Silver, WinBooks et Exact nous ont prioritairement donn\u00e9\u00a0 l&rsquo;opportunit\u00e9 de rajouter cette gamme\u00a0 \u00e0 notre offre.<\/em><\/p><p><em>Nous avons analys\u00e9 le produit qui nous a convaincu. Notre voulons offrir le m\u00eame niveau de services pour cette nouvelle gamme que celui que nous offrons pour WinBooks, et ce tout \u00e0 l&rsquo;avantage du client qui peut maintenant choisir entre les deux, en fonction de ses besoins et\u00a0 pr\u00e9f\u00e9rences.\u00a0<\/em><\/p><p>\u00a0<\/p><p><em>Cela ne change en rien notre investissement\u00a0 continu dans les produits WinBooks. Ils\u00a0continuent \u00e0 \u00e9voluer constamment, ce qui nous permet toujours d&rsquo;offrir une solution particlui\u00e8rement performante et comp\u00e9titive, aussi bien pour les entrepreneurs que pour les fiduciaires.<\/em><\/p><p>\u00a0<\/p><p><em>Nous souhaitions vous partager cette bonne nouvelle. Nh\u00e9sitez pas \u00e0 nous contacter si vous souhaitez plus d&rsquo;informations ou une d\u00e9monstration d&rsquo;Exact on Line .\u00a0 Sachez que v<\/em>ous avez \u00e9galement la possibilit\u00e9 de souscrire \u00e0 un essai gratuit pendant 30 jours via ce lien.<\/p><p>Nous restons \u00e0 votre enti\u00e8re disposition.\u00a0<\/p>\t\t\t\t\t\t<\/div>\n\t\t\t\t<\/div>\n\t\t\t\t\t<\/div>\n\t\t<\/div>\n\t\t\t\t\t<\/div>\n\t\t<\/section>\n\t\t\t\t<\/div>\n\t\t","protected":false},"excerpt":{"rendered":"<p>Exact Online test Listes de prix Nous avons le grand plaisir de vous annoncer que dor\u00e9navant nous sommes \u00e9galement en mesure de proposer la solution Exact On Line. Comme vous le savez, WinBooks a rejoint le groupe Exact en d\u00e9cembre 2019. La cons\u00e9quence imm\u00e9diate a \u00e9t\u00e9 qu&rsquo;avec ses deux gammes\u00a0 de produits le groupe est &#8230; <a title=\"Exact On Lline\" class=\"read-more\" href=\"http:\/\/www.mafact.com\/index.php\/exact-on-line\/\" aria-label=\"More on Exact On Lline\">Lire la suite<\/a><\/p>\n","protected":false},"author":1,"featured_media":0,"parent":0,"menu_order":0,"comment_status":"closed","ping_status":"closed","template":"","meta":{"footnotes":""},"_links":{"self":[{"href":"http:\/\/www.mafact.com\/index.php\/wp-json\/wp\/v2\/pages\/2666"}],"collection":[{"href":"http:\/\/www.mafact.com\/index.php\/wp-json\/wp\/v2\/pages"}],"about":[{"href":"http:\/\/www.mafact.com\/index.php\/wp-json\/wp\/v2\/types\/page"}],"author":[{"embeddable":true,"href":"http:\/\/www.mafact.com\/index.php\/wp-json\/wp\/v2\/users\/1"}],"replies":[{"embeddable":true,"href":"http:\/\/www.mafact.com\/index.php\/wp-json\/wp\/v2\/comments?post=2666"}],"version-history":[{"count":20,"href":"http:\/\/www.mafact.com\/index.php\/wp-json\/wp\/v2\/pages\/2666\/revisions"}],"predecessor-version":[{"id":3039,"href":"http:\/\/www.mafact.com\/index.php\/wp-json\/wp\/v2\/pages\/2666\/revisions\/3039"}],"wp:attachment":[{"href":"http:\/\/www.mafact.com\/index.php\/wp-json\/wp\/v2\/media?parent=2666"}],"curies":[{"name":"wp","href":"https:\/\/api.w.org\/{rel}","templated":true}]}}