{"id":1707,"date":"2019-08-05T12:33:17","date_gmt":"2019-08-05T10:33:17","guid":{"rendered":"http:\/\/www.mafact.com\/?page_id=1707"},"modified":"2023-08-10T14:13:43","modified_gmt":"2023-08-10T12:13:43","slug":"portail-connect","status":"publish","type":"page","link":"http:\/\/www.mafact.com\/index.php\/nl\/portail-connect\/","title":{"rendered":"Portail connect nl 2"},"content":{"rendered":"\t\t<div data-elementor-type=\"wp-page\" data-elementor-id=\"1707\" class=\"elementor elementor-1707\">\n\t\t\t\t\t\t<section class=\"elementor-section elementor-top-section elementor-element elementor-element-e1a5d4a elementor-section-boxed elementor-section-height-default elementor-section-height-default\" data-id=\"e1a5d4a\" data-element_type=\"section\">\n\t\t\t\t\t\t<div class=\"elementor-container elementor-column-gap-default\">\n\t\t\t\t\t<div class=\"elementor-column elementor-col-50 elementor-top-column elementor-element elementor-element-e611460\" data-id=\"e611460\" data-element_type=\"column\">\n\t\t\t<div class=\"elementor-widget-wrap elementor-element-populated\">\n\t\t\t\t\t\t<div class=\"elementor-element elementor-element-c695c72 elementor-widget__width-initial elementor-absolute elementor-widget elementor-widget-image\" data-id=\"c695c72\" data-element_type=\"widget\" data-settings=\"{&quot;_position&quot;:&quot;absolute&quot;}\" data-widget_type=\"image.default\">\n\t\t\t\t<div class=\"elementor-widget-container\">\n\t\t\t\t\t\t\t\t\t\t\t\t\t<img fetchpriority=\"high\" decoding=\"async\" width=\"256\" height=\"257\" src=\"http:\/\/www.mafact.com\/wp-content\/uploads\/2019\/08\/connect.png\" class=\"attachment-large size-large wp-image-1747\" alt=\"\" srcset=\"http:\/\/www.mafact.com\/wp-content\/uploads\/2019\/08\/connect.png 256w, http:\/\/www.mafact.com\/wp-content\/uploads\/2019\/08\/connect-150x150.png 150w\" sizes=\"(max-width: 256px) 100vw, 256px\" \/>\t\t\t\t\t\t\t\t\t\t\t\t\t<\/div>\n\t\t\t\t<\/div>\n\t\t\t\t\t<\/div>\n\t\t<\/div>\n\t\t\t\t<div class=\"elementor-column elementor-col-50 elementor-top-column elementor-element elementor-element-3c5c98a\" data-id=\"3c5c98a\" data-element_type=\"column\">\n\t\t\t<div class=\"elementor-widget-wrap elementor-element-populated\">\n\t\t\t\t\t\t<div class=\"elementor-element elementor-element-d0c2233 elementor-icon-list--layout-traditional elementor-list-item-link-full_width elementor-widget elementor-widget-icon-list\" data-id=\"d0c2233\" data-element_type=\"widget\" data-widget_type=\"icon-list.default\">\n\t\t\t\t<div class=\"elementor-widget-container\">\n\t\t\t\t\t<ul class=\"elementor-icon-list-items\">\n\t\t\t\t\t\t\t<li class=\"elementor-icon-list-item\">\n\t\t\t\t\t\t\t\t\t\t\t<a href=\"https:\/\/help.winbooks.be\/display\/HelpCoNL\">\n\n\t\t\t\t\t\t\t\t\t\t\t\t<span class=\"elementor-icon-list-icon\">\n\t\t\t\t\t\t\t<svg aria-hidden=\"true\" class=\"e-font-icon-svg e-fas-circle\" viewBox=\"0 0 512 512\" xmlns=\"http:\/\/www.w3.org\/2000\/svg\"><path d=\"M256 8C119 8 8 119 8 256s111 248 248 248 248-111 248-248S393 8 256 8z\"><\/path><\/svg>\t\t\t\t\t\t<\/span>\n\t\t\t\t\t\t\t\t\t\t<span class=\"elementor-icon-list-text\">Connect Handleiding<\/span>\n\t\t\t\t\t\t\t\t\t\t\t<\/a>\n\t\t\t\t\t\t\t\t\t<\/li>\n\t\t\t\t\t\t\t\t<li class=\"elementor-icon-list-item\">\n\t\t\t\t\t\t\t\t\t\t\t<a href=\"https:\/\/help.winbooks.be\/display\/HelpWDPnl\">\n\n\t\t\t\t\t\t\t\t\t\t\t\t<span class=\"elementor-icon-list-icon\">\n\t\t\t\t\t\t\t<svg aria-hidden=\"true\" class=\"e-font-icon-svg e-fas-circle\" viewBox=\"0 0 512 512\" xmlns=\"http:\/\/www.w3.org\/2000\/svg\"><path d=\"M256 8C119 8 8 119 8 256s111 248 248 248 248-111 248-248S393 8 256 8z\"><\/path><\/svg>\t\t\t\t\t\t<\/span>\n\t\t\t\t\t\t\t\t\t\t<span class=\"elementor-icon-list-text\">Portaal Handleiding<\/span>\n\t\t\t\t\t\t\t\t\t\t\t<\/a>\n\t\t\t\t\t\t\t\t\t<\/li>\n\t\t\t\t\t\t<\/ul>\n\t\t\t\t<\/div>\n\t\t\t\t<\/div>\n\t\t\t\t\t<\/div>\n\t\t<\/div>\n\t\t\t\t\t<\/div>\n\t\t<\/section>\n\t\t\t\t<section class=\"elementor-section elementor-top-section elementor-element elementor-element-f2340e6 elementor-section-boxed elementor-section-height-default elementor-section-height-default\" data-id=\"f2340e6\" data-element_type=\"section\">\n\t\t\t\t\t\t<div class=\"elementor-container elementor-column-gap-default\">\n\t\t\t\t\t<div class=\"elementor-column elementor-col-100 elementor-top-column elementor-element elementor-element-fe65aaf\" data-id=\"fe65aaf\" data-element_type=\"column\">\n\t\t\t<div class=\"elementor-widget-wrap elementor-element-populated\">\n\t\t\t\t\t\t<div class=\"elementor-element elementor-element-934eb0e elementor-widget__width-initial elementor-absolute elementor-widget elementor-widget-image\" data-id=\"934eb0e\" data-element_type=\"widget\" data-settings=\"{&quot;_position&quot;:&quot;absolute&quot;}\" data-widget_type=\"image.default\">\n\t\t\t\t<div class=\"elementor-widget-container\">\n\t\t\t\t\t\t\t\t\t\t\t\t\t<img decoding=\"async\" width=\"300\" height=\"186\" src=\"http:\/\/www.mafact.com\/wp-content\/uploads\/2019\/08\/virtualinvoice-2-300x186.jpg\" class=\"attachment-medium size-medium wp-image-1778\" alt=\"\" srcset=\"http:\/\/www.mafact.com\/wp-content\/uploads\/2019\/08\/virtualinvoice-2-300x186.jpg 300w, http:\/\/www.mafact.com\/wp-content\/uploads\/2019\/08\/virtualinvoice-2-768x475.jpg 768w, http:\/\/www.mafact.com\/wp-content\/uploads\/2019\/08\/virtualinvoice-2-1024x633.jpg 1024w\" sizes=\"(max-width: 300px) 100vw, 300px\" \/>\t\t\t\t\t\t\t\t\t\t\t\t\t<\/div>\n\t\t\t\t<\/div>\n\t\t\t\t<div class=\"elementor-element elementor-element-3ca27a6 elementor-widget elementor-widget-text-editor\" data-id=\"3ca27a6\" data-element_type=\"widget\" data-widget_type=\"text-editor.default\">\n\t\t\t\t<div class=\"elementor-widget-container\">\n\t\t\t\t\t\t\t<h4>Portaal WinBooks Connect<br \/>Een effici\u00ebnt platform voor een continue communicatie tussen klant en accountant<br \/>WinBooks Connect is het digitale platform tussen klant en accountant voor de effici\u00ebnte uitwisseling van documenten en financi\u00eble informatie, zodat de klant op elk moment perfect op de hoogte is van zijn financi\u00eble situatie.<\/h4>\t\t\t\t\t\t<\/div>\n\t\t\t\t<\/div>\n\t\t\t\t\t<\/div>\n\t\t<\/div>\n\t\t\t\t\t<\/div>\n\t\t<\/section>\n\t\t\t\t<section class=\"elementor-section elementor-top-section elementor-element elementor-element-8376b20 elementor-section-boxed elementor-section-height-default elementor-section-height-default\" data-id=\"8376b20\" data-element_type=\"section\">\n\t\t\t\t\t\t<div class=\"elementor-container elementor-column-gap-default\">\n\t\t\t\t\t<div class=\"elementor-column elementor-col-100 elementor-top-column elementor-element elementor-element-0e188bd\" data-id=\"0e188bd\" data-element_type=\"column\">\n\t\t\t<div class=\"elementor-widget-wrap elementor-element-populated\">\n\t\t\t\t\t\t<div class=\"elementor-element elementor-element-f82fe5e elementor-widget elementor-widget-text-editor\" data-id=\"f82fe5e\" data-element_type=\"widget\" data-widget_type=\"text-editor.default\">\n\t\t\t\t<div class=\"elementor-widget-container\">\n\t\t\t\t\t\t\t<p><b>Functionaliteiten van de software<\/b><\/p><p><b>Facturen<\/b><br \/>De facturen van de klant met zijn boekhouder gedeeld in slechts enkele klikken <br \/>De klant van de fiduciaire downloadt zijn facturen in de toepassing via \u00e9\u00e9n of andere methode (foto\u2019s, scans of pdf\u2019s kunnen ofwel gedownload worden, ofwel naar een vast e-mailadres dat aan WinBooks Connect gekoppeld is, verstuurd worden).<br \/>De klant kan vervolgens bepaalde informatie toevoegen (vervaldatum, te betalen bedrag, \u2026).<br \/>De fiduciaire boekt ze handmatig of automatisch via Virtual Invoice in. Na verwerking bevinden de facturen zich in de archieven van de toepassing<\/p><p><b>Permanent dossier<\/b><br \/>Al de boekhouddocumenten toegankelijk op eender welk moment<br \/>De klant en zijn fiduciaire kunnen hier alle documenten met betrekking tot het boekhouddossier bewaren (processen-verbaal van de algemene vergadering, leverancierscontracten, statuten, \u2026).<br \/>De klant kan er ook de vanuit WinBooks door zijn fiduciaire gepubliceerde documenten raadplegen (balansen,\u00a0 btw-aangiften, \u2026).<br \/>De klant en zijn boekhouder bepalen zelf de structuur van het klassement.<\/p><p><b>Berichten en takenbeheer<\/b><br \/>Een permanente en doelgerichte communicatie<br \/>De berichtendienst van WinBooks Connect werkt als een \u00abchat\u00bb, een permanente dialoog tussen boekhouder en klant. Bovendien is het eveneens mogelijk een conversatie te starten vanuit om het even welk document.<br \/>Een eenvoudige en complete boekhoudkalender<br \/>Deze functie werkt via een kalender waar klant en boekhouder de verschillende te vervullen taken inboeken. WinBooks genereert er automatisch alle wettelijke vervaldata.<\/p><p><b>Leveranciersbetalingen<\/b><br \/>Voorstel en beheer van de betalingen <br \/>Naast de centralisatie van aankoopfacturen op het portaal, biedt WinBooks Connect aan de klant toegang tot een eenvoudig en effici\u00ebnt beheer van zijn betalingen: voorstel van de vervallen facturen, aanduiding dat een factuur betaald is en verzending van overschrijvingen naar de bank.<\/p><p><b>Dashboard<\/b><br \/>Een globale visie van de toestand van uw boekhouding <br \/>Het dashboard laat de klant toe zijn boekhouding globaal te controleren en te analyseren, dankzij grafieken, ratio\u2019s en indicatoren van groei of terugval.<\/p>\t\t\t\t\t\t<\/div>\n\t\t\t\t<\/div>\n\t\t\t\t\t<\/div>\n\t\t<\/div>\n\t\t\t\t\t<\/div>\n\t\t<\/section>\n\t\t\t\t<\/div>\n\t\t","protected":false},"excerpt":{"rendered":"<p>Connect Handleiding Portaal Handleiding Portaal WinBooks ConnectEen effici\u00ebnt platform voor een continue communicatie tussen klant en accountantWinBooks Connect is het digitale platform tussen klant en accountant voor de effici\u00ebnte uitwisseling van documenten en financi\u00eble informatie, zodat de klant op elk moment perfect op de hoogte is van zijn financi\u00eble situatie. Functionaliteiten van de software FacturenDe &#8230; <a title=\"Portail connect nl 2\" class=\"read-more\" href=\"http:\/\/www.mafact.com\/index.php\/nl\/portail-connect\/\" aria-label=\"More on Portail connect nl 2\">Lire la suite<\/a><\/p>\n","protected":false},"author":1,"featured_media":0,"parent":0,"menu_order":0,"comment_status":"closed","ping_status":"closed","template":"","meta":{"footnotes":""},"_links":{"self":[{"href":"http:\/\/www.mafact.com\/index.php\/wp-json\/wp\/v2\/pages\/1707"}],"collection":[{"href":"http:\/\/www.mafact.com\/index.php\/wp-json\/wp\/v2\/pages"}],"about":[{"href":"http:\/\/www.mafact.com\/index.php\/wp-json\/wp\/v2\/types\/page"}],"author":[{"embeddable":true,"href":"http:\/\/www.mafact.com\/index.php\/wp-json\/wp\/v2\/users\/1"}],"replies":[{"embeddable":true,"href":"http:\/\/www.mafact.com\/index.php\/wp-json\/wp\/v2\/comments?post=1707"}],"version-history":[{"count":17,"href":"http:\/\/www.mafact.com\/index.php\/wp-json\/wp\/v2\/pages\/1707\/revisions"}],"predecessor-version":[{"id":3307,"href":"http:\/\/www.mafact.com\/index.php\/wp-json\/wp\/v2\/pages\/1707\/revisions\/3307"}],"wp:attachment":[{"href":"http:\/\/www.mafact.com\/index.php\/wp-json\/wp\/v2\/media?parent=1707"}],"curies":[{"name":"wp","href":"https:\/\/api.w.org\/{rel}","templated":true}]}}